5 = 0. Suppose v + p = 4*v. What are the prime factors of v?
3, 5
Suppose 0 = 2*b + 2 - 4, 3*b = -w + 3. Suppose w = 3*k - 4*f - 155, -5*k - f + 242 = 22. What are the prime factors of k?
3, 5
Let m(s) = -s**2 + 6*s - 3. Let p be m(4). Suppose p*z - 205 = -35. What are the prime factors of z?
2, 17
Let d(o) = 331*o**2 - 17*o - 16. List the prime factors of d(-1).
2, 83
Suppose 579*f + 8460 = 588*f. What are the prime factors of f?
2, 5, 47
Let g(t) = 8*t - 4. Let z be g(1). Suppose -z*v = 0, -3*v = -4*b - 4*v + 32. What are the prime factors of b?
2
Let d(k) = -22*k + 106. List the prime factors of d(-8).
2, 3, 47
Let n(p) = 2*p**3 + 2*p**2 - 2*p - 2. Let v = -3 - -5. Let f be n(v). Let g = 11 + f. List the prime factors of g.
29
Suppose -2 = -4*d + 10. Suppose -5*k = 4*q + 5, 3*q - k - d + 2 = 0. Let r(f) = f + 37. What are the prime factors of r(q)?
37
Suppose 25*c = 24*c + 373. What are the prime factors of c?
373
Suppose -1462 = -s - z, 0 = -4*z + 6*z. List the prime factors of s.
2, 17, 43
Suppose 2*k + 83 = -t + 4*t, -4*t = k - 118. Suppose -4 - t = -3*d. What are the prime factors of d?
11
Suppose -4*x = h - 2*x - 20, 2*x = 3*h - 100. Suppose 2*a - 32 = -i, -5*i = -2*a + 6*a - 76. Let m = h + a. List the prime factors of m.
2, 11
Let l be ((-52)/2)/(16/88). Let i = -81 - l. Let g = -26 + i. List the prime factors of g.
2, 3
Let u(y) = y**3 - 11*y**2 + 19*y + 39. List the prime factors of u(10).
3, 43
Let d = 205 + -202. Suppose 0 = a + 2*j + 6, 5*a + 3 = -j - 0*j. Suppose a = d*n - 3, -2*n - 1 - 14 = -z. What are the prime factors of z?
17
Suppose 571 = 2*g - 129. Let t = g - 234. What are the prime factors of t?
2, 29
Let h = -117 + 13. Let t = 182 + h. What are the prime factors of t?
2, 3, 13
Suppose -16*a + 8 = -18*a, -5*d = -4*a - 2171. List the prime factors of d.
431
Suppose -q - 43 = 3*q - 3*o, 5*q - 3*o + 56 = 0. Let f(z) = z**3 + 12*z**2 - 28*z - 4. What are the prime factors of f(q)?
191
Suppose -5*r + 430 = -0*r + s, 2*r - 172 = -s. Suppose -r = 36*l - 38*l. What are the prime factors of l?
43
Suppose 2911*t - 2906*t = 17155. What are the prime factors of t?
47, 73
Let f = 11 + -4. Suppose f*x - 52 = 88. What are the prime factors of x?
2, 5
Let b(y) = -24*y - 8. Let j be b(-6). Let c be (-2)/(-9) - j/(-36). What are the prime factors of ((-5)/2)/((-2)/c)?
5
Suppose 4*l - 938 = 2*h, 4*h + 1181 = 4*l + 253. What are the prime factors of l?
3, 79
Suppose 5 = 5*c - 15. Suppose -42 + c = -2*x. Suppose -2*u + 41 = -x. List the prime factors of u.
2, 3, 5
Suppose -15 - 15 = -5*x. Suppose -10*i = -x*i. Suppose 36 = 3*d - i*d. What are the prime factors of d?
2, 3
Let w be (-7)/(-3)*9*-4. What are the prime factors of 2/(-7) - 5316/w?
3, 7
What are the prime factors of (-4)/18 - 58992/(-108)?
2, 3, 7, 13
Let r = -3 + 6. Let o be (-12)/(-9)*r/(-1). Let n = o + 15. What are the prime factors of n?
11
Suppose 2*d + 3 = 13, 5*d = -4*a + 25. Suppose g = u + 88, a = -g + 4*g - 12. List the prime factors of (u/10)/(3/(-10)).
2, 7
Let o(w) = -13*w - 30. Suppose 0*c + 32 = -8*c. What are the prime factors of o(c)?
2, 11
Suppose 4*x + u - 4*u = -14, -4*u = 8. Let r(w) = w**2 + 5*w + 2. Let g be r(x). Suppose 0 = -6*l + g*l + 88. List the prime factors of l.
2, 11
Let c = -5 + 65. Suppose c = 3*j + 9. List the prime factors of j.
17
Let a(m) = 38*m**2 + 16*m + 1. What are the prime factors of a(-8)?
5, 461
Let f = -80 - -458. What are the prime factors of f?
2, 3, 7
Let g(o) = -548*o + 118. List the prime factors of g(-3).
2, 881
Suppose 0 = -3*f + 9, 17*f - 13*f = 4*l - 10916. What are the prime factors of l?
2, 683
Let f = -5180 + 7975. List the prime factors of f.
5, 13, 43
Let x be (13/(-4))/((-8)/128). Suppose -4*y - 48 = 4*z, y - 5*z = -2*y - x. Let c = 19 + y. What are the prime factors of c?
5
Let y(u) = -u**2 + 2*u + 6. Let s be y(-9). Let d = s - -171. List the prime factors of d.
2, 3, 13
Let s(y) = -3*y - 4. Let i be s(-8). Suppose 5*k + 0*k + i = 0. Let l = k - -68. List the prime factors of l.
2
What are the prime factors of -1 + 51/(21/7)*50?
3, 283
Suppose -3*z + 375 = 2*z. Suppose j + 2*j = 2*s - z, 2*j - 158 = -4*s. List the prime factors of s.
3, 13
What are the prime factors of 205232/80 + (-2)/5 - 5?
2, 5
Suppose 346*q = 347*q - 1666. What are the prime factors of q?
2, 7, 17
Let z(c) = 4*c - 11. Let k(l) = -7*l + 20. Let t(h) = 6*k(h) + 11*z(h). Let w = 22 + -11. What are the prime factors of t(w)?
3, 7
Let c = 87 - 80. What are the prime factors of c?
7
Suppose 2*y = -2 - 2. Let s(r) be the first derivative of 8*r**3/3 - r**2/2 + 2*r + 1. List the prime factors of s(y).
2, 3
Let o be 15 - (-4)/8*0. Suppose 2*k - 3*k = -2*w + o, -3*w + 42 = 5*k. What are the prime factors of w?
3
Let m(h) = -h**3 + 8*h**2 + 18*h - 9. What are the prime factors of m(-9)?
2, 3, 67
Suppose 0 = 3*r - 46 + 10. Let f = 14 - r. Suppose -63 = -3*u + 3*l, -4*l + f = -u + 17. List the prime factors of u.
23
List the prime factors of (10538/(-55))/((12/30)/(-2)).
2, 479
Suppose 9*c - 37*c + 44828 = 0. What are the prime factors of c?
1601
List the prime factors of -12 + 7 + 801 + -8.
2, 197
Let m(u) = -u**3 - 10*u**2 + 6*u - 8. Let j(v) = -v**3 + 4*v**2 - 3*v + 1. Let h be j(4). What are the prime factors of m(h)?
47
Let h(t) = 5*t**2 + 55*t**3 - 57*t**3 - 2*t + 7 + 7*t - 2*t**2. Let a be h(5). Let g = -84 - a. What are the prime factors of g?
59
Let q(g) = -g**3 + 32*g**2 + 89*g + 107. What are the prime factors of q(34)?
821
Let z = 5 + -3. Suppose z*j + 6 = 2. What are the prime factors of 3 + j + 1 + 10?
2, 3
Let d(p) = -5*p - 10. Let q be d(-3). Suppose 6*c = q*w + 5*c - 2, w - 2*c = -5. Let m(f) = 51*f**2 - 2*f + 1. What are the prime factors of m(w)?
2, 5
Suppose -11*q = -15*q + 40. Suppose -8*k + 4 = -q*k. What are the prime factors of (k/4)/((-3)/216)?
2, 3
Suppose -l + 5*l - 4*v + 44 = 0, 0 = 2*l + 2*v + 34. Let z = l + 18. Suppose -z*m + 40 = 3*w, 2*m - 2 = -w + 16. What are the prime factors of m?
7
Let b be (80/12 + 3)*9. Let v = 91 + b. List the prime factors of v.
2, 89
Let m be (-3 - -1)/((-18)/927). Suppose 3*y + m - 28 = 0. Let i = y - -62. What are the prime factors of i?
37
Suppose -9605 = -14*k - 2689. What are the prime factors of k?
2, 13, 19
Let v(b) = 2*b**2 + 2*b - 1. Let z be (2 - 0)/(12/30). Suppose 4*x = 3*c + 34, -3*x + 8 = -z*c - 34. What are the prime factors of v(c)?
59
Let o = 249 + -160. List the prime factors of o.
89
Let u be 176 - 36/(-30)*20/6. Let x = -52 + u. What are the prime factors of x?
2
Let s(p) be the second derivative of -3*p**5/20 - p**4/4 + p**3/6 - 2*p**2 + 4*p. Let l(u) = 2*u - 9. Let g be l(3). List the prime factors of s(g).
47
Let a(i) = -13*i**2 + 5*i**2 + 3 - 3 - 1. Let q be a(-2). Let m = q + 63. What are the prime factors of m?
2, 3, 5
What are the prime factors of ((-143)/65 + (-12)/(-10))*-1207?
17, 71
Let o(c) be the second derivative of -7*c**5/10 - c**4/12 - 13*c. Suppose -q - 4*d - 1 = 0, 3 = -3*q + d + 4*d. List the prime factors of o(q).
13
Suppose -200 = -14*q + 6*q. Let t be (-4)/10 + 36/15. Suppose 9 = a + g, 0 = -4*a + t*g - q + 79. List the prime factors of a.
2, 3
Suppose -761 = -6*s + 7. List the prime factors of s.
2
Let s = -533 - -1002. Suppose s = 5*f + 2*a + 2*a, 2*a - 374 = -4*f. List the prime factors of f.
3, 31
Let b = 1338 - -903. What are the prime factors of b?
3, 83
Let c(t) = -t + 5. Let a be c(5). Suppose 5*k + a = 10. Suppose 0 = -z - k + 5. List the prime factors of z.
3
Let a(h) = 7*h**2 + 35*h - 437. What are the prime factors of a(22)?
61
Suppose -10*j + 50967 = 53*j. List the prime factors of j.
809
Let r(z) = z**3 + z + 24. Let m be r(0). Suppose m*h = 22*h. Suppose i + 2*q = 60, h = 5*q - 0*q - 5. What are the prime factors of i?
2, 29
Let i(j) = 2*j + 18. Suppose 2*c = -7*c - 18. What are the prime factors of i(c)?
2, 7
Let d(r) = 3*r**2 + 39*r - 19. What are the prime factors of d(-31)?
5, 331
Suppose 3*r + 924 = 5*r. List the prime factors of r.
2, 3, 7, 11
Let g(m) = -3*m + 2398. What are the prime factors of g(0)?
2, 11, 109
Let q be -87*1*3/(-9). Suppose 18 = -2*p + 2*s, -p - q = 4*p - s. List the prime factors of 31 + 14 + (p - -1).
41
List the prime factors of 3054 + 4 + 99/9.
3, 11, 31
Let y(f) = -4*f**3 - 5*f**2 - 71. Let q(b) = b**3 + b